 - 3)). Let b(m) = 6*m - 5. Let k(z) = 3*z - 3. Let l(f) = -3*b(f) + 5*k(f). Calculate l(i).
9
Let u = -15 - -24. Let a = -3 + u. Let o(y) be the second derivative of -y**5/20 + 5*y**4/12 + 4*y**3/3 - 3*y**2 - 7*y. Calculate o(a).
6
Let d(u) = 31 + 39 - 7*u - 114 + 35 - u**2. What is d(-6)?
-3
Suppose 4*h + 2 - 22 = 0. Let b(l) be the second derivative of 0 - 1/3*l**4 - 4*l + 3/2*l**2 - 2/3*l**3 + 1/20*l**5. Determine b(h).
8
Let h(i) = 5*i - 12. Let w = 21 - 28. Let v(s) = -9*s + 23. Let d(g) = -g - 16. Let o be d(-12). Let u(f) = o*v(f) + w*h(f). Determine u(0).
-8
Let u(y) = 15*y**2 + 11. Let d(l) = -7*l**2 - 5. Let q(k) = 9*d(k) + 4*u(k). Let f(m) = -4*m - 8. Let s be f(-11). Let i = s + -35. Determine q(i).
-4
Let l(w) = 9. Let d(f) = -f - 8. Let o(n) = 5*d(n) + 4*l(n). Calculate o(-3).
11
Let b(s) = -s**2 - 10*s + 207 - 411 - 12*s + 2*s + 184. Give b(-19).
-1
Let x(w) be the second derivative of w**3/6 + 2*w**2 + 2*w. Let j(p) = -p**2 - 3*p - 4. Let r be j(-3). Let l be -4 + r/(-1 - 3). Determine x(l).
1
Let u = -6 + 9. Let z(o) = -o**2 + 5 + 2*o**2 + 4*o - 2 - o**u + o**2. Suppose 0 = -x + n + 8, -2*x - 3*n = -x + 8. Calculate z(x).
-13
Let d(r) = -r. Let f(s) = 9*s + 14. Let n(y) = -4*d(y) - f(y). What is n(-2)?
-4
Let k(b) = 2*b**3 - 13*b**2 + 11*b + 21. Let u be k(5). Let x(a) be the second derivative of -a**4/4 + a**3/3 - a**2/2 + a. What is x(u)?
-2
Let v = -78 - -82. Let j(l) = -9*l - v*l**2 + 7*l - 4*l**2 + 2*l**2 + 1. Determine j(1).
-7
Let m = 33 - 21. Suppose -15*t = -m*t - 6. Let j(v) = t*v + 4*v - 3 - 5*v + 0. Determine j(3).
0
Let a(d) = -d**3 + 5*d**2 + 7*d - 2. Let j be a(6). Let g(n) = n. Let k(v) = v**2 - 3*v - 4. Let z(q) = -g(q) - k(q). Give z(j).
-4
Suppose -3*r = 5*w - 26, -20*w + 22*w - 2*r - 20 = 0. Let l(j) = -j**3 + 8*j**2 - 6*j - 7. Calculate l(w).
0
Suppose 3*z + 6 = 5*z. Let k(o) = 1 - 2*o**3 + 0*o**2 + 7*o**3 + 3*o**z - o**2. Suppose -7*q = -1 - 6. What is k(q)?
8
Let p(r) = -r**3 - 8*r**2 - 4. Let n be p(-8). Let f be -3 - (2 - -1) - -3. Let w(x) = x - 3. Let u(z) = -z + 5. Let q(m) = f*u(m) - 5*w(m). Give q(n).
8
Let k be (20/35)/(4/14). Let c = 1 + 0. Let w(n) = n + 5 - k + c - 3. Give w(-4).
-3
Let z(n) be the first derivative of -n**3/3 - 3*n**2 + 2*n - 7. Let m = -2 + -4. Give z(m).
2
Let b(i) be the third derivative of 30*i**2 - 1/8*i**4 + 0*i + 0 + i**3. Calculate b(5).
-9
Suppose 2*c + 3*x - 4 = 0, 31 = 5*c - 29*x + 26*x. Let q = -34 - -48. Let r be q/35 + 28/c. Let g(l) = l**2 - 7*l + 8. What is g(r)?
2
Let b = -3 - -5. Let m(q) = 2*q + 3*q + q**2 - q + b. Determine m(-5).
7
Let z(n) = 0*n**2 - n + 3*n - 3 + n**2. Let v be z(-4). Let y(u) = -v*u - 3*u - u + u. What is y(1)?
-8
Let l(k) = k**3 - 9*k**2 - 10*k + 12. Let g be (-1 + 2/1)/(21/210). Determine l(g).
12
Let k(t) = 6*t**3 - 3*t**2 + 5*t + 3. Let o(s) = s**3 + s. Let a(y) = k(y) - 5*o(y). Let q be (-8)/(3/(-12)*2). Let d = q - 13. Give a(d).
3
Let j(k) = 2*k**3 - 25*k**2 + 16*k - 3. Let c = 53 - 57. Let g(n) = n**3 - 12*n**2 + 8*n - 2. Let w(h) = c*j(h) + 9*g(h). What is w(7)?
1
Let n(w) = -w**3 - 3*w**2 + 4*w - 1. Let l be (-17)/102 - 22/12. Let p be l/5 + (-76)/10. Let y = p - -4. Calculate n(y).
-1
Let g(i) = -i**2 - 2*i. Let q be g(-5). Let k = 25 + q. Let r = k + -8. Let y(x) = x. Determine y(r).
2
Suppose 4*c - c + o = 56, -c + 12 = -o. Suppose -4*f + 2*w + 43 = c, -2*w - 5 = -f. Let a(s) = s**3 - 6*s**2 - 5*s - 9. Give a(f).
5
Let h(o) = -o - 15. Suppose 5*l = -3*m - 35, -4*l = -0*l - 3*m + 28. Let k be h(l). Let j(f) = -f**2 - 8*f + 5. Determine j(k).
5
Let o(n) = 11*n + 22. Let b = 2244 - 2249. Calculate o(b).
-33
Let j(u) = 11*u**2 + 5. Let m(d) = -1 - 1 - 11*d**2 + 0 - 4. Let v(q) = 6*j(q) + 5*m(q). What is v(1)?
11
Let x(w) = 24*w**2 - 2 + 4 - 16*w**2 + 3*w. Calculate x(-2).
28
Let d(r) be the third derivative of 5*r**4/24 + r**3/2 - r**2 + 1327. Let b be (-2)/(-3) + 21/9. Give d(b).
18
Suppose -6*y = -y - 20. Let i(p) = -2*p + 1 - 4*p + y*p - 4. Give i(-6).
9
Let f(l) = 2*l - 9. Let j = -29 - -49. Suppose -2*m - 1 = 4*t - 39, 0 = t + 4*m - j. Give f(t).
7
Let s(f) = 2*f + 7. Let u = 59 - 57. Let v be 11/((-55)/50)*(-1)/u. Calculate s(v).
17
Let g(z) = 0 + 0*z - z - 7 + 0*z. Suppose 2*b + 18 = 3*b - 4*c, 4*b + 2*c = 0. Suppose -12 = -o + b*o + 3*v, -4*v = -2*o + 16. Give g(o).
-7
Let l(q) = 3*q + 2. Suppose 0 = -3*i + 2*r - 28, 0*r + r = 3*i + 26. Let n = -3 - i. Let d = n - 3. Give l(d).
8
Let p(l) be the second derivative of -l**4/12 - 5*l**3/6 - l**2/2 + 3*l. Suppose -5*g - 4*q = -5, -26 = -4*g + 4*q + 14. Suppose 15 - 45 = g*c. What is p(c)?
-7
Let u(z) = z**3 - 4*z**2 + 3*z. Let c(d) be the second derivative of -7/2*d**2 + 0 - 1/6*d**3 - 2*d. Let g be c(-9). Determine u(g).
-2
Suppose -37*g = -39*g + 4. Let f(h) = 9*h**2 + 4*h + 4. Let y(o) = -19*o**2 - 9*o - 9. Let l(p) = -13*f(p) - 6*y(p). What is l(g)?
-6
Let o(x) = -5*x - 33*x**2 - 22*x**2 + 62*x**2 - x**3 + 3. Calculate o(6).
9
Let y = 353 + -358. Let h(n) be the first derivative of n**4/24 + n**3 - n**2 + 4. Let t(v) be the second derivative of h(v). Calculate t(y).
1
Let t(g) = -g + 18. Let b be (23/5 + -4)/(2/50). Determine t(b).
3
Let b(h) = 2*h**3 - 35*h**2 - 20*h + 41. Let z be b(18). Let l(o) = o**2 - 2*o - 4. Give l(z).
11
Let s(f) be the first derivative of f**5/20 + f**4/12 - f**3/6 - 4*f**2 + 13*f - 17. Let d(c) be the first derivative of s(c). What is d(0)?
-8
Suppose 4*q = 7*q - 6. Suppose 0 = c - q*g + 7 - 17, 18 = 5*c - 2*g. Let z(a) = -5*a - 11*a**3 + 5*a**3 + a**c + 5*a. Determine z(1).
-5
Let w(q) = -5*q - 1. Let p(d) = -d. Let o(m) = 6*p(m) - w(m). Suppose 0*c - 10 = -5*c. Let u be o(c). Let h(r) = -2*r**2 - r. Calculate h(u).
-1
Let k be (-2)/7 - (-174)/21. Let h = k - 15. Let p(b) = -b**2 - 8*b - 7. Determine p(h).
0
Let u(x) = -20 - 10*x + 12 - x**2 - 4 - 2*x. What is u(-10)?
8
Let d be 56/6 - 8/(-12). Suppose -24 = 9*t - d*t. Let h(y) = t - 7*y**3 - 12 - y**2 - 12. Calculate h(1).
-8
Suppose 5*g + 15 = 0, g = -q - g - 12. Let h(m) = m**3 + 6*m**2 + 1. Give h(q).
1
Let k(o) = 3*o - 7. Let y(d) = -2*d + 3. Let p(a) = -4*k(a) - 9*y(a). Let f(c) = c. Let l be f(3). Suppose q = l*q - 2. What is p(q)?
7
Let y(n) = n**3 - n**2. Let v(a) = a**3 - 3*a**2 - 6*a + 10. Let t be v(4). Suppose t*f - 4*z = 41 - 17, -4*f = 5*z + 17. Give y(f).
4
Suppose -131 - 421 = 92*u. Let v(x) = -x**2 - 10*x - 10. Let y(h) = h**2 + 11*h + 11. Let j(q) = -3*v(q) - 2*y(q). Calculate j(u).
-4
Let r be 4 - (-44)/(5 + -1). Let j be 50/r - ((-4)/6 - 0). Let o(v) be the third derivative of -v**4/12 - 2*v**3/3 - v**2. Calculate o(j).
-12
Let i(v) = -3*v**2 + v + 3. Suppose 32 = 8*q, 5*y - 20 - 11 = -4*q. Determine i(y).
-21
Let p = -2 + 3. Let b(w) be the second derivative of 5*w**3/6 - 1231*w. Give b(p).
5
Let h(d) = -81*d**3 - 74*d**3 + 8 + 156*d**3 + 10*d + 11*d**2. Give h(-10).
8
Suppose 308*j + 36 = 311*j. Let a(m) = -m**3 + 12*m**2 - 10. Calculate a(j).
-10
Let v(q) be the third derivative of q**5/30 + q**4/12 + q**3/6 + q**2. Let x be v(-2). Let w = -10 + x. Let l(g) = g + 7. What is l(w)?
2
Suppose -5*v - b = -130, b + 4 = 2*v - 41. Suppose 256 = -3*z + v. Let w be ((-66)/z)/(3/14). Let d(t) = t**2 - 4*t + 4. Calculate d(w).
4
Let x(o) be the second derivative of 2*o**3/3 + 5*o**2/2 - 11*o + 14. Give x(-4).
-11
Let g = -94 + 92. Let o(s) = -2*s**3 - 4*s**2 - 5*s - 5. Let y(h) = -h**3 - 2*h**2 - 3*h - 3. Let j(n) = -6*o(n) + 11*y(n). What is j(g)?
3
Let o(i) = 11 - 162*i + 323*i - 162*i. Determine o(8).
3
Let d(j) = j**2 - 8*j + 21. Suppose s - w = 10, -s = 2*w - 22 + 27. Calculate d(s).
6
Let h(z) = -151*z + 461. Let n be h(3). Let i(p) = -p**2 + 6*p + 6. Calculate i(n).
-10
Let a be ((-10)/50)/(-5 + 204/40). Let i(w) = 9*w - 2. Calculate i(a).
-20
Let j(k) = 2*k**3 + k**2 + 4*k + 5. Let p(s) = 3*s**3 + 4*s + 6. Let c(r) = -4*j(r) + 3*p(r). Let m be (4/5)/((-4)/(-10)). Suppose m*q = 1 + 9. What is c(q)?
3
Suppose 5*s - 3*w = -13, -s = w + 1 + 8. Let i(g) = -5*g - 19. Give i(s).
6
Let c(t) be the third derivative of t**4/4 + 6*t**2 + 16*t. What is c(-2)?
-12
Let c = 204 + -207. Let r(i) = i**3 + 3. Let d be r(0). Let g(p) = 5*p + d + 5 - 4 + p**2. Determine g(c).
-2
Let b(g) = -g**3 - g**2 - 2*g. Suppose -17 = i + 4*c + c, 4*i - 16 = c. Let m(r) = 3*r - 7. Let h be m(i). 